{"id":4196,"date":"2025-01-09T23:46:38","date_gmt":"2025-01-09T22:46:38","guid":{"rendered":"https:\/\/vonschutz.com\/letnia-koldra-tencel-dreamy\/"},"modified":"2026-03-04T17:26:03","modified_gmt":"2026-03-04T16:26:03","slug":"letnia-koldra-tencel-dreamy","status":"publish","type":"product","link":"https:\/\/vonschuetz.com\/pl\/letnia-koldra-tencel-dreamy\/","title":{"rendered":"Letnia ko\u0142dra Tencel Dreamy"},"content":{"rendered":"<p>Letnia ko\u0142dra Tencel Dreamy zapewnia przyjemny klimat snu dzi\u0119ki delikatnemu poszyciu z batystu wykonanego z Tencel\u2122 Lyocell i bawe\u0142ny. Wype\u0142nienie ze 100% Tencel\u2122 Lyocell jest ekologiczne i hipoalergiczne. Ko\u0142dra nadaje si\u0119 do prania w temperaturze do 60\u00b0C, \u0142\u0105czy lekko\u015b\u0107 z optymalnym ciep\u0142em i stanowi idealny wyb\u00f3r na ciep\u0142e noce. Dost\u0119pna w r\u00f3\u017cnych rozmiarach, oferuje komfort dopasowany do indywidualnych potrzeb.   <\/p>\n<p><strong>OEKO-TEX\u00ae Standard 100<\/strong><br \/>\nTkanina posiada certyfikat OEKO-TEX\u00ae Standard 100, co oznacza, \u017ce zosta\u0142a przebadana pod k\u0105tem substancji szkodliwych i spe\u0142nia mi\u0119dzynarodowe wymagania bezpiecze\u0144stwa dla wyrob\u00f3w tekstylnych. <\/p>\n<p><strong>Waga wype\u0142nienia letnich ko\u0142der Tencel:<\/strong><\/p>\n<ul>\n<li>135x200 cm - 400 g<\/li>\n<li>140x200 cm - 400 g<\/li>\n<li>140x220 cm - 460 g<\/li>\n<li>150x200 cm - 470 g<\/li>\n<li>150x210 cm - 490 g<\/li>\n<li>155x200 cm - 470 g<\/li>\n<li>155x220 cm - 510 g<\/li>\n<li>160x200 cm - 480 g<\/li>\n<li>160x210 cm - 510 g<\/li>\n<li>180x200 cm - 540 g<\/li>\n<li>200x200 cm - 600 g<\/li>\n<li>200x220 cm - 660 g<\/li>\n<li>240x220 cm - 800 g<\/li>\n<li>260x220 cm - 860 g<\/li>\n<li>260x240 cm - 940 g<\/li>\n<li>280x240 cm - 1000 g<\/li>\n<\/ul>\n","protected":false},"excerpt":{"rendered":"<ul>\n<li>Luksusowe poszycie z batystu: Tencel\u2122 Lyocell &amp; bawe\u0142na \u2013 delikatne otulenie<\/li>\n<li>Ekologiczne i hipoalergiczne wype\u0142nienie: 100% Tencel\u2122 Lyocell<\/li>\n<li>\u0141atwa piel\u0119gnacja: mo\u017cliwo\u015b\u0107 prania w 60\u00b0C<\/li>\n<li>Idealna na lato: doskona\u0142a r\u00f3wnowaga mi\u0119dzy lekko\u015bci\u0105 a ciep\u0142em<\/li>\n<li>R\u00f3\u017cne rozmiary: od 135\u00d7200 cm do 280\u00d7240 cm dla maksymalnej wygody<\/li>\n<\/ul>\n","protected":false},"featured_media":2314,"template":"","meta":{"_acf_changed":false},"product_brand":[],"product_cat":[664,85],"product_tag":[],"class_list":{"0":"post-4196","1":"product","2":"type-product","3":"status-publish","4":"has-post-thumbnail","6":"product_cat-koldry-letnie","7":"product_cat-koldry","9":"first","10":"onbackorder","11":"taxable","12":"shipping-taxable","13":"purchasable","14":"product-type-variable","15":"has-default-attributes"},"acf":[],"_links":{"self":[{"href":"https:\/\/vonschuetz.com\/pl\/wp-json\/wp\/v2\/product\/4196","targetHints":{"allow":["GET"]}}],"collection":[{"href":"https:\/\/vonschuetz.com\/pl\/wp-json\/wp\/v2\/product"}],"about":[{"href":"https:\/\/vonschuetz.com\/pl\/wp-json\/wp\/v2\/types\/product"}],"wp:featuredmedia":[{"embeddable":true,"href":"https:\/\/vonschuetz.com\/pl\/wp-json\/wp\/v2\/media\/2314"}],"wp:attachment":[{"href":"https:\/\/vonschuetz.com\/pl\/wp-json\/wp\/v2\/media?parent=4196"}],"wp:term":[{"taxonomy":"product_brand","embeddable":true,"href":"https:\/\/vonschuetz.com\/pl\/wp-json\/wp\/v2\/product_brand?post=4196"},{"taxonomy":"product_cat","embeddable":true,"href":"https:\/\/vonschuetz.com\/pl\/wp-json\/wp\/v2\/product_cat?post=4196"},{"taxonomy":"product_tag","embeddable":true,"href":"https:\/\/vonschuetz.com\/pl\/wp-json\/wp\/v2\/product_tag?post=4196"}],"curies":[{"name":"wp","href":"https:\/\/api.w.org\/{rel}","templated":true}]}}

Letnia kołdra Tencel Dreamy

<p>Letnia kołdra Tencel Dreamy zapewnia przyjemny klimat snu dzięki delikatnemu poszyciu z batystu wykonanego z Tencel™ Lyocell i bawełny. Wypełnienie ze 100% Tencel™ Lyocell jest ekologiczne i hipoalergiczne. Kołdra nadaje się do prania w temperaturze do 60°C, łączy lekkość z optymalnym ciepłem i stanowi idealny wybór na ciepłe noce. Dostępna w różnych rozmiarach, oferuje komfort dopasowany do indywidualnych potrzeb.   </p>
<p><strong>OEKO-TEX® Standard 100</strong><br />
Tkanina posiada certyfikat OEKO-TEX® Standard 100, co oznacza, że została przebadana pod kątem substancji szkodliwych i spełnia międzynarodowe wymagania bezpieczeństwa dla wyrobów tekstylnych. </p>
<p><strong>Waga wypełnienia letnich kołder Tencel:</strong></p>
<ul>
<li>135x200 cm - 400 g</li>
<li>140x200 cm - 400 g</li>
<li>140x220 cm - 460 g</li>
<li>150x200 cm - 470 g</li>
<li>150x210 cm - 490 g</li>
<li>155x200 cm - 470 g</li>
<li>155x220 cm - 510 g</li>
<li>160x200 cm - 480 g</li>
<li>160x210 cm - 510 g</li>
<li>180x200 cm - 540 g</li>
<li>200x200 cm - 600 g</li>
<li>200x220 cm - 660 g</li>
<li>240x220 cm - 800 g</li>
<li>260x220 cm - 860 g</li>
<li>260x240 cm - 940 g</li>
<li>280x240 cm - 1000 g</li>
</ul>

<ul>
<li>Luksusowe poszycie z batystu: Tencel™ Lyocell &amp; bawełna – delikatne otulenie</li>
<li>Ekologiczne i hipoalergiczne wypełnienie: 100% Tencel™ Lyocell</li>
<li>Łatwa pielęgnacja: możliwość prania w 60°C</li>
<li>Idealna na lato: doskonała równowaga między lekkością a ciepłem</li>
<li>Różne rozmiary: od 135×200 cm do 280×240 cm dla maksymalnej wygody</li>
</ul>
