{"id":4212,"date":"2025-01-10T00:37:47","date_gmt":"2025-01-09T23:37:47","guid":{"rendered":"https:\/\/vonschutz.com\/zimowa-koldra-tencel-dreamy\/"},"modified":"2026-03-04T17:44:50","modified_gmt":"2026-03-04T16:44:50","slug":"zimowa-koldra-tencel-dreamy","status":"publish","type":"product","link":"https:\/\/vonschuetz.com\/pl\/zimowa-koldra-tencel-dreamy\/","title":{"rendered":"Zimowa ko\u0142dra Tencel Dreamy"},"content":{"rendered":"<p><strong>Luksusowy komfort snu: Tencel Winter Dreamy<\/strong><\/p>\n<p>Zimowa ko\u0142dra Tencel Dreamy od manufaktury VON SCH\u00dcTZ \u0142\u0105czy wysokiej jako\u015bci materia\u0142y z nowoczesnymi technikami obr\u00f3bki, zapewniaj\u0105c optymalny komfort snu w ch\u0142odne miesi\u0105ce. Specjalnie zaprojektowane poszycie wykonane w 50% z Tencel\u2122 Lyocell i 50% z bawe\u0142ny, wzbogacone formu\u0142\u0105 Vital Finish, oferuje wyj\u0105tkowo mi\u0119kk\u0105, g\u0142adk\u0105 i trwa\u0142\u0105 powierzchni\u0119. Po\u0142\u0105czenie naturalnych w\u0142\u00f3kien bawe\u0142nianych z ekologicznymi w\u0142\u00f3knami Tencel\u2122 gwarantuje nie tylko przyjazno\u015b\u0107 dla sk\u00f3ry, ale tak\u017ce popraw\u0119 jako\u015bci snu dzi\u0119ki piel\u0119gnuj\u0105cym w\u0142a\u015bciwo\u015bciom witaminy E, aloesu i jojoby.  <\/p>\n<p><strong>OEKO-TEX\u00ae Standard 100<\/strong><br \/>\nTkanina posiada certyfikat OEKO-TEX\u00ae Standard 100, co oznacza, \u017ce zosta\u0142a przebadana pod k\u0105tem substancji szkodliwych i spe\u0142nia mi\u0119dzynarodowe wymagania bezpiecze\u0144stwa dla wyrob\u00f3w tekstylnych. <\/p>\n<p><strong>Waga wype\u0142nienia zimowych ko\u0142der Tencel::<\/strong><\/p>\n<ul>\n<li>135x200 cm - 1350 g<\/li>\n<li>140x200 cm - 1350 g<\/li>\n<li>140x220 cm - 1540 g<\/li>\n<li>150x200 cm - 1500 g<\/li>\n<li>150x210 cm - 1580 g<\/li>\n<li>155x200 cm - 1550 g<\/li>\n<li>155x220 cm - 1700 g<\/li>\n<li>160x200 cm - 1600 g<\/li>\n<li>160x210 cm - 1680 g<\/li>\n<li>180x200 cm - 1800 g<\/li>\n<li>200x200 cm - 2000 g<\/li>\n<li>220x200 cm - 2200 g<\/li>\n<li>240x220 cm - 2640 g<\/li>\n<li>260x220 cm - 2860 g<\/li>\n<li>260x240 cm - 3120 g<\/li>\n<li>280x240 cm - 3360 g<\/li>\n<\/ul>\n","protected":false},"excerpt":{"rendered":"<ul>\n<li>Luksusowe poszycie z batystu: Tencel\u2122 Lyocell &amp; bawe\u0142na \u2013 delikatne otulenie<\/li>\n<li>Ekologiczne i hipoalergiczne wype\u0142nienie: 100% Tencel\u2122 Lyocell<\/li>\n<li>\u0141atwa piel\u0119gnacja: mo\u017cliwo\u015b\u0107 prania w 60\u00b0C<\/li>\n<li>Komfort zimowy: ciep\u0142o i piel\u0119gnacja w jednym<\/li>\n<li>R\u00f3\u017cne rozmiary: od 135\u00d7200 cm do 280\u00d7240 cm dla maksymalnej wygody<\/li>\n<\/ul>\n","protected":false},"featured_media":2314,"template":"","meta":{"_acf_changed":false},"product_brand":[],"product_cat":[665,85],"product_tag":[],"class_list":{"0":"post-4212","1":"product","2":"type-product","3":"status-publish","4":"has-post-thumbnail","6":"product_cat-koldry-zimowe","7":"product_cat-koldry","9":"first","10":"onbackorder","11":"taxable","12":"shipping-taxable","13":"purchasable","14":"product-type-variable","15":"has-default-attributes"},"acf":[],"_links":{"self":[{"href":"https:\/\/vonschuetz.com\/pl\/wp-json\/wp\/v2\/product\/4212","targetHints":{"allow":["GET"]}}],"collection":[{"href":"https:\/\/vonschuetz.com\/pl\/wp-json\/wp\/v2\/product"}],"about":[{"href":"https:\/\/vonschuetz.com\/pl\/wp-json\/wp\/v2\/types\/product"}],"wp:featuredmedia":[{"embeddable":true,"href":"https:\/\/vonschuetz.com\/pl\/wp-json\/wp\/v2\/media\/2314"}],"wp:attachment":[{"href":"https:\/\/vonschuetz.com\/pl\/wp-json\/wp\/v2\/media?parent=4212"}],"wp:term":[{"taxonomy":"product_brand","embeddable":true,"href":"https:\/\/vonschuetz.com\/pl\/wp-json\/wp\/v2\/product_brand?post=4212"},{"taxonomy":"product_cat","embeddable":true,"href":"https:\/\/vonschuetz.com\/pl\/wp-json\/wp\/v2\/product_cat?post=4212"},{"taxonomy":"product_tag","embeddable":true,"href":"https:\/\/vonschuetz.com\/pl\/wp-json\/wp\/v2\/product_tag?post=4212"}],"curies":[{"name":"wp","href":"https:\/\/api.w.org\/{rel}","templated":true}]}}

Zimowa kołdra Tencel Dreamy

<p><strong>Luksusowy komfort snu: Tencel Winter Dreamy</strong></p>
<p>Zimowa kołdra Tencel Dreamy od manufaktury VON SCHÜTZ łączy wysokiej jakości materiały z nowoczesnymi technikami obróbki, zapewniając optymalny komfort snu w chłodne miesiące. Specjalnie zaprojektowane poszycie wykonane w 50% z Tencel™ Lyocell i 50% z bawełny, wzbogacone formułą Vital Finish, oferuje wyjątkowo miękką, gładką i trwałą powierzchnię. Połączenie naturalnych włókien bawełnianych z ekologicznymi włóknami Tencel™ gwarantuje nie tylko przyjazność dla skóry, ale także poprawę jakości snu dzięki pielęgnującym właściwościom witaminy E, aloesu i jojoby.  </p>
<p><strong>OEKO-TEX® Standard 100</strong><br />
Tkanina posiada certyfikat OEKO-TEX® Standard 100, co oznacza, że została przebadana pod kątem substancji szkodliwych i spełnia międzynarodowe wymagania bezpieczeństwa dla wyrobów tekstylnych. </p>
<p><strong>Waga wypełnienia zimowych kołder Tencel::</strong></p>
<ul>
<li>135x200 cm - 1350 g</li>
<li>140x200 cm - 1350 g</li>
<li>140x220 cm - 1540 g</li>
<li>150x200 cm - 1500 g</li>
<li>150x210 cm - 1580 g</li>
<li>155x200 cm - 1550 g</li>
<li>155x220 cm - 1700 g</li>
<li>160x200 cm - 1600 g</li>
<li>160x210 cm - 1680 g</li>
<li>180x200 cm - 1800 g</li>
<li>200x200 cm - 2000 g</li>
<li>220x200 cm - 2200 g</li>
<li>240x220 cm - 2640 g</li>
<li>260x220 cm - 2860 g</li>
<li>260x240 cm - 3120 g</li>
<li>280x240 cm - 3360 g</li>
</ul>

<ul>
<li>Luksusowe poszycie z batystu: Tencel™ Lyocell &amp; bawełna – delikatne otulenie</li>
<li>Ekologiczne i hipoalergiczne wypełnienie: 100% Tencel™ Lyocell</li>
<li>Łatwa pielęgnacja: możliwość prania w 60°C</li>
<li>Komfort zimowy: ciepło i pielęgnacja w jednym</li>
<li>Różne rozmiary: od 135×200 cm do 280×240 cm dla maksymalnej wygody</li>
</ul>
