{"id":4322,"date":"2025-01-10T11:37:11","date_gmt":"2025-01-10T10:37:11","guid":{"rendered":"https:\/\/vonschutz.com\/letnia-koldra-puchowa-royal\/"},"modified":"2026-03-04T18:06:06","modified_gmt":"2026-03-04T17:06:06","slug":"letnia-koldra-puchowa-royal","status":"publish","type":"product","link":"https:\/\/vonschuetz.com\/pl\/letnia-koldra-puchowa-royal\/","title":{"rendered":"Letnia ko\u0142dra puchowa Royal"},"content":{"rendered":"<p><strong>Ekskluzywna \u015bwie\u017co\u015b\u0107 lata: Letnia ko\u0142dra puchowa Royal<\/strong><\/p>\n<p>Letnia ko\u0142dra puchowa Royal 850 cuin to prawdziwe arcydzie\u0142o komfortu snu, zaprojektowane specjalnie na cieplejsze miesi\u0105ce.<br \/>Poszycie z niezwykle mi\u0119kkiej bawe\u0142ny mako, uprawianej w ciep\u0142ym i suchym klimacie Egiptu, zapewnia wyj\u0105tkow\u0105 mi\u0119kko\u015b\u0107 oraz delikatne otulenie. Szlachetne w\u0142a\u015bciwo\u015bci bawe\u0142ny mako gwarantuj\u0105 trwa\u0142o\u015b\u0107 i wyrafinowane odczucie w dotyku, kt\u00f3re sprawia, \u017ce ka\u017cdy kontakt staje si\u0119 luksusowym do\u015bwiadczeniem.  <\/p>\n<p><strong>Nasze letnie ko\u0142dry Royal s\u0105 wype\u0142nione w 100% puchem.<\/strong><\/p>\n<p><strong>OEKO-TEX\u00ae Standard 100<\/strong><br \/>\nTkanina posiada certyfikat OEKO-TEX\u00ae Standard 100, co oznacza, \u017ce zosta\u0142a przebadana pod k\u0105tem substancji szkodliwych i spe\u0142nia mi\u0119dzynarodowe wymagania bezpiecze\u0144stwa dla wyrob\u00f3w tekstylnych. <\/p>\n<p><strong>Certyfikat PZH (NIZP PZH \u2013 Narodowy Instytut Zdrowia Publicznego)<\/strong><br \/>\nProdukt posiada certyfikat PZH potwierdzaj\u0105cy, \u017ce jest bezpieczny dla zdrowia i odpowiedni do codziennego u\u017cytkowania.<\/p>\n<p><strong>Waga wype\u0142nienia letnich ko\u0142der puchowych Royal 850 cuin:<\/strong><\/p>\n<ul>\n<li>135x200 cm - 270 g<\/li>\n<li>140x200 cm - 280 g<\/li>\n<li>140x220 cm - 310 g<\/li>\n<li>150x200 cm - 300 g<\/li>\n<li>150x210 cm - 320 g<\/li>\n<li>155x200 cm - 300 g<\/li>\n<li>155x220 cm - 330 g<\/li>\n<li>160x200 cm - 310 g<\/li>\n<li>160x210 cm - 340 g<\/li>\n<li>180x200 cm - 360 g<\/li>\n<li>200x200 cm - 400 g<\/li>\n<li>220x200 cm - 440 g<\/li>\n<li>240x220 cm - 530 g<\/li>\n<li>260x220 cm - 570 g<\/li>\n<li>260x240 cm - 630 g<\/li>\n<li>280x240 cm - 670 g<\/li>\n<\/ul>\n","protected":false},"excerpt":{"rendered":"<ul>\n<li>Luksusowe materia\u0142y: ultrami\u0119kka mako-bawe\u0142na i 100% polski puch z bia\u0142ej g\u0119si<\/li>\n<li>Przyjazna dla alergik\u00f3w: puch z ekologicznych hodowli, idealny dla os\u00f3b o wra\u017cliwej sk\u00f3rze<\/li>\n<li>\u0141atwa piel\u0119gnacja: mo\u017cliwo\u015b\u0107 prania w 60\u00b0C dla maksymalnej higieny<\/li>\n<li>Letni luksus: idealna ko\u0142dra puchowa na ciep\u0142e noce<\/li>\n<li>Dost\u0119pne rozmiary: od 135\u00d7200 cm do 280\u00d7240 cm dla najwy\u017cszego komfortu<\/li>\n<\/ul>\n","protected":false},"featured_media":2275,"template":"","meta":{"_acf_changed":false},"product_brand":[],"product_cat":[664,85],"product_tag":[],"class_list":{"0":"post-4322","1":"product","2":"type-product","3":"status-publish","4":"has-post-thumbnail","6":"product_cat-koldry-letnie","7":"product_cat-koldry","9":"first","10":"onbackorder","11":"taxable","12":"shipping-taxable","13":"purchasable","14":"product-type-variable","15":"has-default-attributes"},"acf":[],"_links":{"self":[{"href":"https:\/\/vonschuetz.com\/pl\/wp-json\/wp\/v2\/product\/4322","targetHints":{"allow":["GET"]}}],"collection":[{"href":"https:\/\/vonschuetz.com\/pl\/wp-json\/wp\/v2\/product"}],"about":[{"href":"https:\/\/vonschuetz.com\/pl\/wp-json\/wp\/v2\/types\/product"}],"wp:featuredmedia":[{"embeddable":true,"href":"https:\/\/vonschuetz.com\/pl\/wp-json\/wp\/v2\/media\/2275"}],"wp:attachment":[{"href":"https:\/\/vonschuetz.com\/pl\/wp-json\/wp\/v2\/media?parent=4322"}],"wp:term":[{"taxonomy":"product_brand","embeddable":true,"href":"https:\/\/vonschuetz.com\/pl\/wp-json\/wp\/v2\/product_brand?post=4322"},{"taxonomy":"product_cat","embeddable":true,"href":"https:\/\/vonschuetz.com\/pl\/wp-json\/wp\/v2\/product_cat?post=4322"},{"taxonomy":"product_tag","embeddable":true,"href":"https:\/\/vonschuetz.com\/pl\/wp-json\/wp\/v2\/product_tag?post=4322"}],"curies":[{"name":"wp","href":"https:\/\/api.w.org\/{rel}","templated":true}]}}

Letnia kołdra puchowa Royal

<p><strong>Ekskluzywna świeżość lata: Letnia kołdra puchowa Royal</strong></p>
<p>Letnia kołdra puchowa Royal 850 cuin to prawdziwe arcydzieło komfortu snu, zaprojektowane specjalnie na cieplejsze miesiące.<br />Poszycie z niezwykle miękkiej bawełny mako, uprawianej w ciepłym i suchym klimacie Egiptu, zapewnia wyjątkową miękkość oraz delikatne otulenie. Szlachetne właściwości bawełny mako gwarantują trwałość i wyrafinowane odczucie w dotyku, które sprawia, że każdy kontakt staje się luksusowym doświadczeniem.  </p>
<p><strong>Nasze letnie kołdry Royal są wypełnione w 100% puchem.</strong></p>
<p><strong>OEKO-TEX® Standard 100</strong><br />
Tkanina posiada certyfikat OEKO-TEX® Standard 100, co oznacza, że została przebadana pod kątem substancji szkodliwych i spełnia międzynarodowe wymagania bezpieczeństwa dla wyrobów tekstylnych. </p>
<p><strong>Certyfikat PZH (NIZP PZH – Narodowy Instytut Zdrowia Publicznego)</strong><br />
Produkt posiada certyfikat PZH potwierdzający, że jest bezpieczny dla zdrowia i odpowiedni do codziennego użytkowania.</p>
<p><strong>Waga wypełnienia letnich kołder puchowych Royal 850 cuin:</strong></p>
<ul>
<li>135x200 cm - 270 g</li>
<li>140x200 cm - 280 g</li>
<li>140x220 cm - 310 g</li>
<li>150x200 cm - 300 g</li>
<li>150x210 cm - 320 g</li>
<li>155x200 cm - 300 g</li>
<li>155x220 cm - 330 g</li>
<li>160x200 cm - 310 g</li>
<li>160x210 cm - 340 g</li>
<li>180x200 cm - 360 g</li>
<li>200x200 cm - 400 g</li>
<li>220x200 cm - 440 g</li>
<li>240x220 cm - 530 g</li>
<li>260x220 cm - 570 g</li>
<li>260x240 cm - 630 g</li>
<li>280x240 cm - 670 g</li>
</ul>

<ul>
<li>Luksusowe materiały: ultramiękka mako-bawełna i 100% polski puch z białej gęsi</li>
<li>Przyjazna dla alergików: puch z ekologicznych hodowli, idealny dla osób o wrażliwej skórze</li>
<li>Łatwa pielęgnacja: możliwość prania w 60°C dla maksymalnej higieny</li>
<li>Letni luksus: idealna kołdra puchowa na ciepłe noce</li>
<li>Dostępne rozmiary: od 135×200 cm do 280×240 cm dla najwyższego komfortu</li>
</ul>
