{"id":4354,"date":"2025-01-10T12:03:02","date_gmt":"2025-01-10T11:03:02","guid":{"rendered":"https:\/\/vonschutz.com\/caloroczna-koldra-puchowa-royal\/"},"modified":"2026-03-04T17:52:10","modified_gmt":"2026-03-04T16:52:10","slug":"caloroczna-koldra-puchowa-royal","status":"publish","type":"product","link":"https:\/\/vonschuetz.com\/pl\/caloroczna-koldra-puchowa-royal\/","title":{"rendered":"Ca\u0142oroczna ko\u0142dra puchowa Royal"},"content":{"rendered":"<p><strong>Ekskluzywny komfort na ka\u017cd\u0105 por\u0119 roku: Ca\u0142oroczna ko\u0142dra puchowa Royal<\/strong><\/p>\n<p>Ca\u0142oroczna ko\u0142dra Royal to synonim luksusu i adaptacyjnego komfortu przez ca\u0142y rok. Dzi\u0119ki wyj\u0105tkowej konstrukcji i najwy\u017cszej jako\u015bci materia\u0142om dostosowuje si\u0119 do ka\u017cdej pory roku. Uszyta z ultradelikatnego i szlachetnego batystu z egipskiej mako-bawe\u0142ny, otula cia\u0142o jedwabist\u0105 mi\u0119kko\u015bci\u0105, zapewniaj\u0105c jednocze\u015bnie trwa\u0142o\u015b\u0107 i wytrzyma\u0142o\u015b\u0107. <\/p>\n<p><strong>Ko\u0142dry ca\u0142oroczne Royal wype\u0142nione w 100% puchem naturalnym.<\/strong><\/p>\n<p><strong>OEKO-TEX\u00ae Standard 100<\/strong><br \/>\nTkanina posiada certyfikat OEKO-TEX\u00ae Standard 100, co oznacza, \u017ce zosta\u0142a przebadana pod k\u0105tem substancji szkodliwych i spe\u0142nia mi\u0119dzynarodowe wymagania bezpiecze\u0144stwa dla wyrob\u00f3w tekstylnych. <\/p>\n<p><strong>Certyfikat PZH (NIZP PZH \u2013 Narodowy Instytut Zdrowia Publicznego)<\/strong><br \/>\nProdukt posiada certyfikat PZH potwierdzaj\u0105cy, \u017ce jest bezpieczny dla zdrowia i odpowiedni do codziennego u\u017cytkowania.<\/p>\n<p><strong>Waga wype\u0142nienia ko\u0142der ca\u0142orocznych Royal 850 cuin:<\/strong><\/p>\n<ul>\n<li>135x200 cm - 500 g<\/li>\n<li>140x200 cm - 520 g<\/li>\n<li>140x220 cm - 570 g<\/li>\n<li>150x200 cm - 560 g<\/li>\n<li>150x210 cm - 580 g<\/li>\n<li>155x200 cm - 570 g<\/li>\n<li>155x220 cm - 630 g<\/li>\n<li>160x200 cm - 590 g<\/li>\n<li>160x210 cm - 620 g<\/li>\n<li>180x200 cm - 670 g<\/li>\n<li>200x200 cm - 740 g<\/li>\n<li>220x200 cm - 810 g<\/li>\n<li>240x220 cm - 970 g<\/li>\n<li>260x220 cm - 1050 g<\/li>\n<li>260x240 cm - 1160 g<\/li>\n<li>280x240 cm - 1240 g<\/li>\n<\/ul>\n","protected":false},"excerpt":{"rendered":"<ul>\n<li>Luksusowe materia\u0142y: ultrami\u0119kka mako-bawe\u0142na i 100% polski puch z bia\u0142ej g\u0119si<\/li>\n<li>Przyjazna dla alergik\u00f3w: puch z ekologicznych hodowli, idealny dla os\u00f3b o wra\u017cliwej sk\u00f3rze<\/li>\n<li>\u0141atwa piel\u0119gnacja: mo\u017cliwo\u015b\u0107 prania w 60\u00b0C dla maksymalnej higieny<\/li>\n<li>Luksus na ka\u017cd\u0105 por\u0119 roku: doskona\u0142e dopasowanie do zmieniaj\u0105cych si\u0119 temperatur<\/li>\n<li>Dost\u0119pne rozmiary: od 135\u00d7200 cm do 280\u00d7240 cm dla najwy\u017cszego komfortu<\/li>\n<\/ul>\n","protected":false},"featured_media":2275,"template":"","meta":{"_acf_changed":false},"product_brand":[],"product_cat":[666,85],"product_tag":[],"class_list":{"0":"post-4354","1":"product","2":"type-product","3":"status-publish","4":"has-post-thumbnail","6":"product_cat-koldry-caloroczne","7":"product_cat-koldry","9":"first","10":"onbackorder","11":"taxable","12":"shipping-taxable","13":"purchasable","14":"product-type-variable","15":"has-default-attributes"},"acf":[],"_links":{"self":[{"href":"https:\/\/vonschuetz.com\/pl\/wp-json\/wp\/v2\/product\/4354","targetHints":{"allow":["GET"]}}],"collection":[{"href":"https:\/\/vonschuetz.com\/pl\/wp-json\/wp\/v2\/product"}],"about":[{"href":"https:\/\/vonschuetz.com\/pl\/wp-json\/wp\/v2\/types\/product"}],"wp:featuredmedia":[{"embeddable":true,"href":"https:\/\/vonschuetz.com\/pl\/wp-json\/wp\/v2\/media\/2275"}],"wp:attachment":[{"href":"https:\/\/vonschuetz.com\/pl\/wp-json\/wp\/v2\/media?parent=4354"}],"wp:term":[{"taxonomy":"product_brand","embeddable":true,"href":"https:\/\/vonschuetz.com\/pl\/wp-json\/wp\/v2\/product_brand?post=4354"},{"taxonomy":"product_cat","embeddable":true,"href":"https:\/\/vonschuetz.com\/pl\/wp-json\/wp\/v2\/product_cat?post=4354"},{"taxonomy":"product_tag","embeddable":true,"href":"https:\/\/vonschuetz.com\/pl\/wp-json\/wp\/v2\/product_tag?post=4354"}],"curies":[{"name":"wp","href":"https:\/\/api.w.org\/{rel}","templated":true}]}}

Całoroczna kołdra puchowa Royal

<p><strong>Ekskluzywny komfort na każdą porę roku: Całoroczna kołdra puchowa Royal</strong></p>
<p>Całoroczna kołdra Royal to synonim luksusu i adaptacyjnego komfortu przez cały rok. Dzięki wyjątkowej konstrukcji i najwyższej jakości materiałom dostosowuje się do każdej pory roku. Uszyta z ultradelikatnego i szlachetnego batystu z egipskiej mako-bawełny, otula ciało jedwabistą miękkością, zapewniając jednocześnie trwałość i wytrzymałość. </p>
<p><strong>Kołdry całoroczne Royal wypełnione w 100% puchem naturalnym.</strong></p>
<p><strong>OEKO-TEX® Standard 100</strong><br />
Tkanina posiada certyfikat OEKO-TEX® Standard 100, co oznacza, że została przebadana pod kątem substancji szkodliwych i spełnia międzynarodowe wymagania bezpieczeństwa dla wyrobów tekstylnych. </p>
<p><strong>Certyfikat PZH (NIZP PZH – Narodowy Instytut Zdrowia Publicznego)</strong><br />
Produkt posiada certyfikat PZH potwierdzający, że jest bezpieczny dla zdrowia i odpowiedni do codziennego użytkowania.</p>
<p><strong>Waga wypełnienia kołder całorocznych Royal 850 cuin:</strong></p>
<ul>
<li>135x200 cm - 500 g</li>
<li>140x200 cm - 520 g</li>
<li>140x220 cm - 570 g</li>
<li>150x200 cm - 560 g</li>
<li>150x210 cm - 580 g</li>
<li>155x200 cm - 570 g</li>
<li>155x220 cm - 630 g</li>
<li>160x200 cm - 590 g</li>
<li>160x210 cm - 620 g</li>
<li>180x200 cm - 670 g</li>
<li>200x200 cm - 740 g</li>
<li>220x200 cm - 810 g</li>
<li>240x220 cm - 970 g</li>
<li>260x220 cm - 1050 g</li>
<li>260x240 cm - 1160 g</li>
<li>280x240 cm - 1240 g</li>
</ul>

<ul>
<li>Luksusowe materiały: ultramiękka mako-bawełna i 100% polski puch z białej gęsi</li>
<li>Przyjazna dla alergików: puch z ekologicznych hodowli, idealny dla osób o wrażliwej skórze</li>
<li>Łatwa pielęgnacja: możliwość prania w 60°C dla maksymalnej higieny</li>
<li>Luksus na każdą porę roku: doskonałe dopasowanie do zmieniających się temperatur</li>
<li>Dostępne rozmiary: od 135×200 cm do 280×240 cm dla najwyższego komfortu</li>
</ul>
